 (-34 - -60)) - 72.
-88
59 - (2 + 63 - 20)
14
70 + -144 + 117 + -4
39
What is (79 + -96 + 3 + 1 - 24) + -12?
-49
What is the value of 46 - 13 - (6 + -5 - (-1 - -13)) - 6?
38
What is 44 + (2 - 1 - (-104 - -123))?
26
What is the value of (9 + -9 + -3 - (-4 + (-6 - -5))) + -2?
0
Calculate (-11 - 4) + 1 - (-275 + 285).
-24
Calculate -14 + -3 + 9 + (35 - 9) + -10.
8
What is the value of 30 + -263 + 257 + (-1 - -19)?
42
What is (56 - (1 - ((-21 - -9) + 6))) + 9 + -17?
41
Evaluate (0 - -1) + 8 + (71 - (54 + (191 - 31))).
-134
What is (-7 - (0 + -26)) + -20 - (0 - 1) - 62?
-62
Evaluate (22 - 19 - -30) + -20 - 95.
-82
Evaluate 100 + 14 + (-26 - 78).
10
What is the value of -44 + (16 - ((5 - -4) + -3 + -3))?
-31
Calculate ((41 - -7) + 1 - 11) + 16 - -19.
73
Calculate (9 - 29) + 39 - (28 - 39).
30
Calculate (8 - (46 + -35 + (-10 - -1))) + 5.
11
What is -7 + 12 + -23 + 31 + 39?
52
Calculate 65 + -3 + (-532 - -498).
28
Evaluate -48 - (-88 - -107) - (2 + 3 + -1 - -2).
-73
Calculate -130 + (48 - 43) - -85.
-40
Evaluate 168 + (46 - 118) - 27.
69
What is -180 + 173 + (1 - 4) + -8 + 9 + 8?
-1
What is the value of -39 - (-15 + 32 + -96) - (1 - -6)?
33
Calculate 3 + -3 + -6 + (-2 - 2) + 10 - -1.
1
What is -14 + (-6 - (47 + -30 + (-2 - 62)))?
27
-12 - ((-7 + 5 - 0 - -12 - 7) + -13)
-2
What is the value of 61 + -38 - 20 - (62 + -7 + 11)?
-63
What is the value of 81 - ((79 - 54) + -14)?
70
(-89 - (3 - 1)) + (386 - (371 + 30))
-106
What is the value of 18 + -8 + (75 - 24)?
61
9 + (-5 - 13) - -8 - (-6 + 25)
-20
What is the value of -18 + 1 + 15 + (17 - 6) - (-11 + 0)?
20
What is 4 + (7 + -8 - -5) + (12 - 5) + 2?
17
What is -21 + 7 - (380 - 440)?
46
What is 2 + -60 + (32 - (-19 + (73 - 33)))?
-47
Evaluate 4 + (14 - (-13 - -26) - (2 + -9) - -10).
22
What is the value of 0 + -22 - (1394 + -1375) - -26?
-15
Calculate 0 + 2 + 8 + (5 - -2 - 9) - -27.
35
What is (-17 - 46) + (-71 - -83)?
-51
Calculate 3 + (-10 - -3) + -601 + 626.
21
(18 + -1 - 11) + -14 + -7 + (65 - -4)
54
Calculate -27 + (38 - 56) - -12.
-33
What is the value of -4 + -38 + -1 + (-14 - -5) + 23?
-29
Evaluate 66 + (86 + -34 - 105).
13
(2 + -9 - (0 + -17)) + 1 + -46
-35
Evaluate (-2 + -1 - (-92 + 98)) + -1 + 53.
43
Evaluate -1 + 15 - ((8 - -14 - -50) + -29).
-29
What is the value of -12128 + 12071 - (-64 - 0)?
7
What is the value of (7 - 3 - -3) + (-1541 - -1566)?
32
Calculate -27 + -69 + 150 + 1 + 2.
57
Evaluate 6 + -3 - (-92 + 7 + 43).
45
What is (11 - (28 - -22)) + 47?
8
What is (1128 - 1173) + 48 + 1?
4
5 + 12 + (-35 - -29) + (1 + 1 - 79)
-66
Evaluate 64 + (-3 - -1) + -1 - (-605 - -609).
57
Evaluate (4 - (22 + -3 - 8) - -4) + -10.
-13
Calculate (2 + -16 + 15 - 14) + 10 + -53.
-56
Evaluate 79 + (-25 - (-1 - -29)).
26
Evaluate -13 + 9 + (-12 - -65 - 9 - 14).
26
36 + (4 - -1) + (160 - 138)
63
What is the value of 20 - (10 + -126 + 41)?
95
What is 28 - (13 - (49 - 20)) - -33?
77
What is 48 + (-98 - -63) + 32?
45
Evaluate -62 - (-69 + 59) - (0 + 0).
-52
What is 0 + -17 - (37 + -19 + -9 + 0)?
-26
What is 100 + (-65 - (79 + -65))?
21
Calculate -38 + (58 - 30) + 2.
-8
3 + 32 + (231 - 230) + -89
-53
Calculate 8 - (25 - (4 + -9 + 20)).
-2
254 + -266 + 1 + -3 + 6 - -48
40
What is -19 + 31 + 4 + -91 + 14?
-61
What is (2 - (25 - -3)) + -5 + -8 + -3 + 20?
-22
Calculate 29 + -15 - (13 - 23 - (0 + -53)).
-29
What is 126 - -3 - (1 + (23 - 10)) - (-1 - -2)?
114
Evaluate 15 - 9 - (16 + -59 + -2).
51
What is the value of (97 - 70) + -170 + 18?
-125
Evaluate 0 + -1 + -141 + -9 + 150.
-1
What is 75 - (27 + (41 - (71 + -49)))?
29
65 + (0 - 0) + 18 + 45 + -61
67
What is (3 - 4) + 40 + (56 - (33 + 26))?
36
What is 2152 + -2125 - (95 + -3)?
-65
What is (-86 - (-88 + 44)) + 21?
-21
What is the value of 56 + -22 - 29 - (71 + -3)?
-63
(68 - 26) + (-22 - 14)
6
What is (-1514 - -1413) + -15 + 102?
-14
42 - ((-151 - -133) + (5 - -2))
53
What is the value of 2 - (-3 + -5 + -2) - 23 - 11?
-22
Evaluate 1 + 63 - (15 - 2 - ((33 - 27) + 2)).
59
What is the value of -22 + -15 + -5 + 37 + -17?
-22
What is (-7 - (-4 + 6 - -5)) + 22 + -4 + 58?
62
Calculate (-250 + 265 - (0 - 10) - 14) + 0 + 10.
21
What is (-46 - -98 - 42) + 71 + -2?
79
(0 - (-19 - -25)) + 17 + -14
-3
What is (-12 + -93 - -59) + 108?
62
What is the value of 41 - (16 - (-4 + -2 + 46 + -33))?
32
What is the value of -660 + 733 + -3 + 6 + -23?
53
Evaluate -6 - (-56 + 84 - 57).
23
What is -7 - (-32 + 37 + (7 + -50 - (-2 - -6)))?
35
-31 - (6 - 27 - -16)
-26
Evaluate (3 - -124) + (64 - (127 + -68)) + (0 - -1).
133
Calculate (63 - (4 - 5) - (-315 + 313)) + -11.
55
Calculate -2 + (-48 - ((-4 - 5) + -1) - (-21 + 18)).
-37
-14 + (-9 - (-11 + 10)) + 11
-11
What is -82 - 57 - -28 - -105?
-6
Evaluate -53 + -2 + 39 - (-3 + 2).
-15
(30 - 104) + (-16 - (-11 + (4 - -5)))
-88
Calculate 24 + -19 + (-6 - (-8 + 5 + -5 - -21)).
-14
What is (24 - 15) + (1 - -1) + -3 + 1?
9
(-2 - (21 - -3)) + 32 + -37
-31
What is the value of -1016 - -1022 - (-17 - 0) - 27?
-4
Calculate -177 + 216 + (-27 - -1) - -13.
26
Calculate 125 + -151 + 102 + -31.
45
0 + -4 + 12 + 32 + -17 + -7
16
What is the value of 5 + 70 + -1 + 614 + -629?
59
Evaluate -1243 + 1183 + (1 - -62).
3
What is the value of -30 + (-59 - -98) + (-3 + 4 - 1 - 110)?
-101
11 + (157 - 138) + 1 + -96
-65
Evaluate (-56 - -29 - -60) + -18 - 48.
-33
Evaluate 10 + -105 + -161 + 133.
-123
Evaluate -1 + -3 - (-86 + 147 + -74).
9
Calculate (46 + -41 - 53) + 51.
3
Calculate (-829 - -814) + (7 - 2) + -51.
-61
Calculate 235 - (140 + (-111 - -129)).
77
5 - -28 - (-33 + -41 + 25)
82
What is -20 + 90 + -135 + 68?
3
Evaluate (5 + -128 - 6 - (-10 - (-4 - -5))) + 7.
-111
What is the value of 38 + -57 - (2 - -12) - 1?
-34
What is -83 + 2 - ((-49 - -8) + 44)?
-84
Evaluate -14 - (-52 + 44 - 43).
37
What is 1900 - 1890 - (74 - -2)?
-66
-127 - -119 - (6 - -2) - 32
-48
-6 - (1 + 4 + -80 + 63) - 126
-120
(48 - 2) + (31 - 23)
54
Calculate -100 - (-6 + (10 - (16 - (18 - 1)))).
-105
What is 23 + (-146 - -68) + 26?
-29
Evaluate (96 - ((3 - 0) + (-71 - -72))) + (35 - 40).
87
Calculate 5 + -5 + -59 + -23 + (2 - (-30 + 14)).
-64
Calculate 1 + -3 + (3 - 3) - (-123 - -78 - -64).
-21
Calculate -16 + -7 + 12 - (136 - (-2 + 5 + 5)).
-139
What is the value of 23 + -4 + -6 + -7 - (-3 + 97)?
-88
What is the value of (-39 - -3) + 27 + -2?
-11
4 + (0 - (16 + -22)) + (78 - (4 + -3))
87
What is the value of -24 + (71 - 77) - (12 + -2 + (8 - 4))?
-44
83 + -30 + -8 - 30
15
Calculate (-18 - (-12 - (-4 - 2))) + -23 + 11.
-24
Evaluate 3 + -2 - (9 + -8) - 12 - -26.
14
What is -42 + (-109 - -110) + 26?
-15
5447 + -5455 - (0 + 3 - 24)
13
Evaluate -38 + (-5 + (3 + 1 - -12) - (104 + -95)).
-36
Calculate 10 - (-4 + (-15 - -25) + 12).
-8
What is the value of 3 + (-27 + 1 - (365 + -345))?
-43
113 - (133 - -59 - 84)
5
What is the value of 13 - (80 + -67 + (2 - 1) + -27)?
26
What is 1 - (-4 - (-3 - -9)) - 18?
-7
What is the value of (5 - (8 + 1 - 4)) + 11 + -24 + 8?
-5
What is -8 + (23 - (-4 + (16 - 1)))?
4
What is the value of -314 + (72 - -271) + -150 + 2?
-119
6 + -6 + -43 + 13 - (8 - 8)
-30
What is the value of 5 + (10 - (21 - 29) - 19)?
4
What is -1 + 2 + (-7 + -19 - -30) + (-79 - -9)?
-65
What is the value of 1 + (1 - (-31 - -1) - (-16 + 55 + -30))?
23
What is (-8 - (5 + -11 + (2 - -6 - 19))) + -6?
3
-7 + -4 - (68 - 37)
-42
Calculate (-43 - -1) + (-823 - -853) - (2 - 8).
-6
(-53 - -46) + 6 + (-2 - (-8 + 5 + -3))
3
Calculate (-124 - 1) + (31 - 7 - (-13 - -25)) + 9.
-104
(-3 - 1 - (-5 - (-20 + 17))) + -9
-11
What is the value of ((16 - 84) + 8 - -5) + (-8 - -4) + 0?
-59
-28 - ((-26 - 29) + 8)
19
Evaluate -15 - (-6 - (-3 + 15 + -4)) - -2.
1
Calculate -169 + 129 + 65 + -81 + 0.
-56
-64 + -10 + 55 - -51
32
What is 56 - (-22 - (-17 - -1 - -4) - -9)?
57
Evaluate 1 + 2 + 2 + 11 + -64.
-48
What is (64 - (0 - (1 + 0 + -6) - 3)) + -1?
61
Calculate 57 + (13 - 24 - 20) + -3.
23
What is the value of 10 + 11 - (-17 + 147 + -6 + -15)?
-88
What is (-42 - (4 + -14 - (2 - -2))) + 0?
-28
Calculate -2400 + 2424 + 3 + 92.
119
What is the value of 42 - (-8 + (17 - -11) + -18)?
40
2 - (-10 - (-20 + 19 + -15) - 6)
2
Calculate 3 + (-1 + 19 - ((18 - 50) + 27)).
26
-10 - (-58 - -56) - (33 - (4 + -8))
-45
Calculate 16 + -9 + -1 + 16 + (3 - -3).
28
What is the value of 11 - (52 + (-22 - (-17 - 30)))?
-66
Evaluate (4 - (-74 + 25)) + 1